e of 2?
True
Is 7 a factor of 26?
False
Does 47 divide 1974?
True
Is 19 a factor of 285?
True
Is 7 a factor of 2303?
True
Is 3 a factor of 279?
True
Is 4950 a multiple of 18?
True
Is 1066 a multiple of 13?
True
Is 13154 a multiple of 143?
False
Is 1705 a multiple of 18?
False
Is 1365 a multiple of 35?
True
Does 179 divide 239?
False
Is 293 a factor of 81529?
False
Is 9462 a multiple of 19?
True
Is 49166 a multiple of 31?
True
Is 1756 a multiple of 43?
False
Is 1030 a multiple of 7?
False
Does 32 divide 258?
False
Is 51 a factor of 19476?
False
Is 152982 a multiple of 69?
False
Is 19690 a multiple of 110?
True
Is 59 a factor of 472?
True
Is 13423 a multiple of 112?
False
Is 4 a factor of 18?
False
Does 29 divide 3770?
True
Does 4 divide 51735?
False
Does 119 divide 595?
True
Does 23 divide 29945?
False
Is 1475 a multiple of 22?
False
Is 3 a factor of 187?
False
Is 11 a factor of 304?
False
Is 20856 a multiple of 43?
False
Does 9 divide 10706?
False
Is 14136 a multiple of 76?
True
Is 62744 a multiple of 184?
True
Is 738 a multiple of 54?
False
Is 7 a factor of 5559?
False
Is 9276 a multiple of 12?
True
Does 24 divide 6104?
False
Does 4 divide 1657?
False
Is 30 a factor of 5490?
True
Is 180 a factor of 1410?
False
Is 23 a factor of 16285?
False
Is 402 a multiple of 20?
False
Is 2431 a multiple of 13?
True
Is 13 a factor of 4392?
False
Is 11 a factor of 347?
False
Does 14 divide 15834?
True
Does 25 divide 2581?
False
Is 22 a factor of 396?
True
Is 60442 a multiple of 7?
False
Is 747 a multiple of 4?
False
Is 6 a factor of 72?
True
Does 101 divide 18382?
True
Is 70 a factor of 1190?
True
Does 36 divide 6192?
True
Does 18 divide 1551?
False
Is 27 a factor of 29754?
True
Does 8 divide 1400?
True
Is 480 a multiple of 40?
True
Does 68 divide 492?
False
Does 17 divide 4357?
False
Does 83 divide 15025?
False
Is 840 a multiple of 20?
True
Does 5 divide 2355?
True
Is 21 a factor of 6482?
False
Is 34 a factor of 1326?
True
Does 26 divide 410?
False
Is 14 a factor of 9487?
False
Is 24 a factor of 1518?
False
Is 22 a factor of 1914?
True
Is 7 a factor of 14?
True
Is 40 a factor of 13360?
True
Does 13 divide 3127?
False
Is 50 a multiple of 26?
False
Does 19 divide 275?
False
Is 48690 a multiple of 62?
False
Does 94 divide 10132?
False
Is 56653 a multiple of 181?
True
Does 3 divide 57?
True
Is 1040 a multiple of 16?
True
Is 540 a multiple of 9?
True
Is 18 a factor of 4860?
True
Does 31 divide 1085?
True
Is 580 a multiple of 10?
True
Is 51 a factor of 2546?
False
Does 28 divide 5825?
False
Is 83 a multiple of 4?
False
Does 116 divide 1740?
True
Is 32341 a multiple of 43?
False
Does 19 divide 3547?
False
Is 14 a factor of 210?
True
Is 515 a multiple of 29?
False
Is 640 a multiple of 3?
False
Is 1617 a multiple of 49?
True
Does 207 divide 15403?
False
Is 12 a factor of 58946?
False
Is 21 a factor of 44648?
False
Does 11 divide 5134?
False
Does 19 divide 949?
False
Is 600 a multiple of 24?
True
Is 664 a multiple of 36?
False
Is 531 a multiple of 4?
False
Is 4380 a multiple of 5?
True
Is 52 a factor of 5876?
True
Is 5 a factor of 888?
False
Is 843 a multiple of 65?
False
Is 48 a factor of 1616?
False
Is 7 a factor of 2557?
False
Is 4668 a multiple of 11?
False
Is 18 a factor of 630?
True
Does 109 divide 21824?
False
Is 187 a factor of 40347?
False
Is 1064 a multiple of 19?
True
Does 45 divide 926?
False
Is 17 a factor of 18053?
False
Is 8 a factor of 40?
True
Is 2117 a multiple of 10?
False
Is 48 a factor of 960?
True
Is 46 a factor of 196650?
True
Is 3498 a multiple of 33?
True
Is 12 a factor of 44?
False
Does 144 divide 19038?
False
Does 7 divide 33?
False
Is 136 a factor of 17280?
False
Is 4 a factor of 180?
True
Is 306 a factor of 81241?
False
Is 66 a factor of 1650?
True
Is 60 a factor of 1620?
True
Does 32 divide 28544?
True
Is 72 a factor of 23112?
True
Is 1640 a multiple of 40?
True
Is 25 a factor of 678?
False
Is 7344 a multiple of 8?
True
Is 16 a factor of 1703?
False
Is 78 a factor of 49218?
True
Is 99 a factor of 693?
True
Does 69 divide 207?
True
Does 32 divide 8032?
True
Does 22 divide 31049?
False
Is 146 a factor of 28178?
True
Is 23 a factor of 69?
True
Is 8 a factor of 1968?
True
Is 41 a factor of 345?
False
Is 51 a factor of 53181?
False
Is 10102 a multiple of 5?
False
Is 1719 a multiple of 60?
False
Is 18634 a multiple of 47?
False
Does 30 divide 61830?
True
Does 30 divide 22440?
True
Is 7871 a multiple of 15?
False
Is 591 a multiple of 4?
False
Does 18 divide 6552?
True
Does 132 divide 4239?
False
Is 1734 a multiple of 51?
True
Is 2688 a multiple of 14?
True
Is 2278 a multiple of 17?
True
Is 11920 a multiple of 16?
True
Is 29409 a multiple of 8?
False
Is 25688 a multiple of 26?
True
Is 3608 a multiple of 153?
False
Is 6868 a multiple of 190?
False
Does 159 divide 27984?
True
Is 11484 a multiple of 116?
True
Is 5659 a multiple of 66?
False
Does 4 divide 2175?
False
Is 238 a multiple of 9?
False
Is 13978 a multiple of 5?
False
Is 2786 a multiple of 9?
False
Does 6 divide 627?
False
Does 9 divide 3163?
False
Is 445 a multiple of 13?
False
Does 16 divide 4903?
False
Is 390 a factor of 127530?
True
Is 1386 a multiple of 6?
True
Does 4 divide 3744?
True
Is 44 a factor of 40584?
False
Is 42363 a multiple of 85?
False
Is 2 a factor of 399?
False
Is 25 a factor of 1440?
False
Is 5112 a multiple of 142?
True
Does 20 divide 677?
False
Is 1151 a multiple of 3?
False
Is 16110 a multiple of 91?
False
Does 3 divide 66?
True
Is 7440 a multiple of 22?
False
Is 870 a multiple of 18?
False
Does 10 divide 3010?
True
Is 6 a factor of 1772?
False
Does 57 divide 8829?
False
Does 49 divide 5971?
False
Is 148 a multiple of 31?
False
Is 3 a factor of 45?
True
Does 210 divide 28770?
True
Is 16580 a multiple of 10?
True
Is 17097 a multiple of 42?
False
Is 27 a factor of 155601?
True
Does 35 divide 6930?
True
Is 24156 a multiple of 22?
True
Is 2 a factor of 227?
False
Is 528 a multiple of 28?
False
Is 110 a factor of 5280?
True
Does 3 divide 1103?
False
Is 87492 a multiple of 92?
True
Is 17 a factor of 26469?
True
Is 232 a multiple of 6?
False
Is 60 a factor of 95797?
False
Is 10 a factor of 38665?
False
Is 54 a factor of 133?
False
Is 7 a factor of 636?
False
Is 2192 a multiple of 94?
False
Is 6 a factor of 4054?
False
Is 1445 a multiple of 27?
False
Does 32 divide 115?
False
Is 13 a factor of 10725?
True
Does 15 divide 198?
False
Is 1935 a multiple of 13?
False
Does 5 divide 30?
True
Is 25760 a multiple of 8?
True
Is 1350 a multiple of 75?
True
Is 18 a factor of 24000?
False
Is 60 a multiple of 6?
True
Is 59 a factor of 3422?
True
Is 39008 a multiple of 58?
False
Does 38 divide 30096?
True
Does 56 divide 1456?
True
Does 38 divide 4502?
False
Is 3624 a multiple of 67?
False
Does 50 divide 2262?
False
Is 12 a factor of 408?
True
Does 89 divide 159380?
False
Is 10 a factor of 940?
True
Is 250 a multiple of 10?
True
Does 66 divide 1258?
False
Is 14164 a multiple of 64?
False
Is 52 a multiple of 4?
True
Does 5 divide 15923?
False
Is 3114 a multiple of 9?
True
Does 5 divide 150?
True
Is 5 a factor of 878?
False
Is 2 a factor of 143?
False
Does 14 divide 525?
False
Is 624 a multiple of 3?
True
Does 30 divide 1066?
False
Is 31 a factor of 558?
True
Is 726 a multiple of 22?
True
Does 22 divide 4444?
True
Is 337 a multiple of 11?
False
Does 38 divide 1412?
False
Does 18 divide 29286?
True
Is 6469 a multiple of 16?
False
Is 1027 a multiple of 16?
False
Is 2904 a multiple of 69?
False
Does 30 divide 25780?
False
Does 2 divide 1498?
True
Does 266 divide 55581?
False
Does 44 divide 664?
False
Does 16 divide 1520?
True
Is 39 a factor of 902?
False
Is 8 a factor of 136?
True
Is 1648 a multiple of 9?
False
Does 34 divide 7684?
True
Is 1892 a multiple of 22?
True
Is 16608 a multiple of 38?
False
Is 8000 a multiple of 125?
True
Does 8 divide 744?
True
Does 5 divide 92?
False
Is 3643 a multiple of 11?
False
Is 24 a factor of 2976?
True
Does 12 divide 4404?
True
Is 15 a factor of 16839?
False
Is 125 a factor of 14076?
False
Is 19 a factor of 190?
True
Is 87 a factor of 957?
True
Is 4400 a multiple of 12?
False
Does 18 divide 276?
False
Is 867 a multiple of 17?
True
Is 7584 a multiple of 48?
True
Is 11 a factor of 12078?
True
Does 15 divide 1456?
False
Does 38 divide 2717?
False
Does 9 div